 - 1. Is t(q) composite?
True
Suppose 2 = 2*q - 4*b, -4*q - 2 = -5*b + 6. Let t = q + 19. Suppose -5*x + x = -t. Is x a composite number?
False
Let z = 6 + 31. Is z a prime number?
True
Suppose -m = -6*m - 2*i + 175, 4*i - 128 = -4*m. Is m a prime number?
True
Suppose 4*k - 592 = -0*k. Suppose -r + k = r. Suppose -z = z - r. Is z a composite number?
False
Suppose 2*i = n + 3, -31 = -3*n + i - 5*i. Is n/(-15)*-34*3 a composite number?
True
Suppose 5*u = 4*n - 4296, -3*u + 0*u + 2126 = 2*n. Is n a prime number?
True
Is 73035/33 - (-2)/(-11) prime?
True
Let m(q) be the third derivative of -q**4/3 + 7*q**3/6 + 7*q**2. Is m(-8) a prime number?
True
Let r(u) = -68*u - 3. Is r(-3) a composite number?
True
Suppose 5*m - 1 = 9. Suppose -3*j + 7 = -m*v, 0*j + 5*v - 11 = -2*j. Suppose 0*h - j*h = -63. Is h a prime number?
False
Suppose 5*n - 735 + 25 = 0. Suppose 2*l + 4*c - n = c, 3*l - 228 = 3*c. Is (l/(-8))/((-3)/12) composite?
False
Let q = -49 - -102. Suppose -3*l + q + 19 = 4*o, -2*o + 4*l + 58 = 0. Is o prime?
False
Is (-14)/28 + 2598/4 composite?
True
Suppose -z + 4*z - 2679 = 0. Is z a prime number?
False
Let l = 208 + -114. Is l a prime number?
False
Is 8611/4 - (-8)/32 a composite number?
False
Suppose -4*f + 7*f + 1254 = 0. Let a = f + 885. Is a a prime number?
True
Let d = 2974 + -1445. Is d a prime number?
False
Let i be (-3 - -2)/(3/(-6)). Suppose -i*o + 154 + 64 = 0. Is o a prime number?
True
Suppose 0*i + 5*i + 4*a - 8 = 0, -5*i + 3*a = -29. Suppose 2*h = i*h - 838. Is h a composite number?
False
Suppose 0 = a - 44 - 24. Let z be a*((-2)/(-8) - -1). Suppose 316 = 3*d + z. Is d a prime number?
False
Let h be (-1)/2*10/(-5). Let x(k) = 8*k**2 - 3*k**2 + 2*k**2. Is x(h) a prime number?
True
Let h(n) = 2*n**2 + 3*n + 7. Let s(l) = -l**2 - 3*l - 7. Let y(z) = 4*h(z) + 5*s(z). Is y(5) prime?
True
Let c(p) = 6*p. Let s be c(1). Suppose 3*k - 3*z + s*z - 3 = 0, 0 = -2*k - 5*z - 10. Suppose -v = -k*v + 184. Is v a prime number?
False
Suppose 0*b - 3*b = 0. Suppose k = -b*k + 23. Is k composite?
False
Let q(n) = n**3 + 6*n**2. Let v be q(-6). Is 69 + v + 1 + -5 a composite number?
True
Suppose -w = 0, -u + 6*u - 2*w + 10 = 0. Let y be (1 + u + 3)*2. Suppose 3*c - h - 114 = -4*h, 0 = y*c - 3*h - 117. Is c a composite number?
True
Suppose -2*a + 3*g = 2*g - 606, 2*a - 5*g = 590. Is a a prime number?
False
Suppose 1534 = 5*c - p, 0*c + 4*c - 1232 = -4*p. Is c composite?
False
Let n(t) = t + 11. Let x be 0 + -2*(3 + 0). Let h be n(x). Suppose 12 = -h*a + 82. Is a a composite number?
True
Let n = 178 + -11. Is n prime?
True
Let o be 4/10 - 56/(-10). Let a(r) = -17*r - 8. Let y be a(o). Let w = y - -159. Is w a composite number?
True
Let g(n) = 4*n - 3*n - 3 - 3*n. Let r be (-6)/21 + 66/(-14). Is g(r) a composite number?
False
Let s be (-2 - -2) + 2 - -2. Is ((-16)/(-24))/(s/582) a prime number?
True
Let m = 75 + 49. Suppose -q = -5*q + m. Is q prime?
True
Suppose 2*g = 4*a - g - 27, -2*g - 13 = -a. Suppose 0 = 4*t - 2*v - 44, -a*t + 3*v + v + 38 = 0. Is (-1 + -1)/(t/(-105)) a composite number?
True
Let c = 3 + -1. Let i be (c/6)/((-1)/(-15)). Suppose 18 = i*h - 112. Is h a prime number?
False
Let s(p) be the third derivative of -p**4/12 - 2*p**3/3 - p**2. Suppose 0 = 3*h + 5 + 7. Is s(h) a composite number?
True
Let f be (-1)/((3/5)/(-3)). Suppose -68 = -f*d + 2. Is d/77 - 1998/(-22) composite?
True
Suppose 22*d - 16*d = 4014. Is d composite?
True
Let b(x) = x**3 + 4*x**2 + 3*x + 4. Let l be b(-3). Suppose -5*v + 201 = 3*o, l*o = 3*o - v + 67. Is o a prime number?
True
Let n(t) = 22*t**3 - t**2 - t + 1. Let g be n(-2). Let x = 268 + g. Is x composite?
True
Let x(r) = 7*r**3 + 3*r**2 + 3*r + 8. Is x(9) a composite number?
False
Let n(l) = -l - 5. Let z be n(-7). Suppose 3*b + 2*w = 6*w + 20, 0 = w + z. Suppose b*c = -c + 75. Is c prime?
False
Let z = 6 - 7. Is (0 - -38)/((-2)/z) prime?
True
Suppose -2*s - 5*a + 3*a = -16, 5*s - 8 = 3*a. Suppose 2*h - 5*y = -s, 2*h + 0*h - y = -4. Is 3/(-6)*h*7 a prime number?
True
Let n = -265 - -489. Suppose 0 = 2*h - 254 - n. Is h composite?
False
Let i(y) = -18*y + 3. Let u be i(-11). Suppose 3*c + u = 6*c. Is c prime?
True
Is 1 + 376 + 4 - 4/2 composite?
False
Let l(j) = 35*j**2 + 7*j + 3. Let f be l(11). Suppose -3*b + f = 2*b - 3*o, 4315 = 5*b - o. Is b composite?
False
Suppose 0*q + 4*q = -2*u + 18, -u = 3. Let o = 0 - q. Let j(b) = -3*b + 1. Is j(o) a composite number?
False
Is (-5)/10*(-178)/1 a composite number?
False
Suppose -5*k - 18 = -7*k. Let z be 4/6 + 309/k. Let w = z - 20. Is w prime?
False
Let a(m) = 76*m**2 + 2*m + 7. Is a(-3) a prime number?
False
Let r(n) = -n**3 - 5*n**2 + 6*n + 5. Let c be r(-9). Suppose -g + 6*g = c. Is g prime?
False
Let f(i) = 5*i**2 + 8*i - 17. Let d be f(13). Suppose 3*u - d = -u. Is u prime?
True
Suppose -934 = -3*w + 1103. Is w a prime number?
False
Let h(k) = 3*k**2 - 9*k - 27. Is h(-8) a prime number?
False
Let g(t) = 2*t**2 - 9*t - 21. Is g(-10) prime?
True
Let h be 2/7 - 4/14. Suppose 2*j + h = 6. Suppose 0 = -7*d + j*d + 136. Is d a prime number?
False
Let s be 4/((-8)/(-10)) + -3. Suppose 0 = s*t - 19 - 111. Is t a composite number?
True
Is 2375 - -1 - (21 - 16) prime?
True
Let w = 22 + -16. Suppose 4*v - 22 = -w. Suppose 0*i + 136 = 4*i - v*g, 3*g = 2*i - 65. Is i composite?
False
Is (-3435)/(-27) - (-4)/(-18) prime?
True
Let x = -54 + 141. Is x prime?
False
Suppose -5*d + 7 = -3. Suppose 4*q = 5*i + 366, q - 3*q + d*i + 182 = 0. Is q prime?
True
Let b be (3 - 3)/((-4)/(-4)). Suppose -2*y + y + 12 = -5*o, b = -y - 5*o + 62. Is y prime?
True
Suppose 2*h + 2*b = -0*h + 3258, 0 = -5*h + 2*b + 8173. Is 6/8 + h/4 prime?
True
Suppose -6978 = -4*r - 2*r. Is r a prime number?
True
Suppose 2*n - 4*r = -2*n + 5884, -5*r = 5*n - 7355. Is n composite?
False
Let i = -113 + 209. Suppose -2*h + i = q, 5*h + 0*q - 2*q - 222 = 0. Is h prime?
False
Let h(r) = 18*r + 92*r + 0 - 4 - 11*r. Let y be h(3). Let x = y + -102. Is x a prime number?
True
Let k = -2 + 7. Suppose 4*r - 20 = 2*m, k*m = 3*r - 1 - 7. Suppose -2*a - r = -4*a. Is a a prime number?
True
Suppose 0 = -4*p - 2*x + 530, -4*p - 3*x + 69 + 460 = 0. Let o be (p/14)/(2/4). Suppose -2*v - 13 = -m, 3*m - o = -v + 41. Is m composite?
False
Suppose -h + 6*h - 61 = -2*c, 2*c - 3*h = 53. Suppose -6 = -l - 3*a + 8, 2*l + 5*a - c = 0. Is l composite?
True
Is 99 - 5/(-4)*-4 a prime number?
False
Suppose -o - 18 = -4*o. Let g be 0 + (3 - 1 - o). Is 18*1 - (g + 3) a prime number?
True
Let k(i) be the third derivative of -i**4/3 + i**2. Let b be k(-1). Is 84/b*(-14)/(-3) composite?
True
Let m(h) = 9*h + 4. Let n(i) = -17*i - 9. Let c(z) = 7*m(z) + 3*n(z). Let d be c(-3). Let j = 68 + d. Is j a prime number?
False
Let d(l) = l**3 + 7*l**2 + 6*l. Let i be d(-6). Let q = i - -2. Suppose 0 = q*x - 12 - 2. Is x a prime number?
True
Suppose 3*q = -3*u - 57, -u = 3*q - 3*u + 62. Is (-7775)/q - 2/(-8) prime?
True
Is 2328 - -1*(3 + -2) a composite number?
True
Let l(i) = -i**3 - 7*i**2 + 5*i - 10. Let g(n) = -2*n**2 + 5*n + 4. Let r be g(4). Is l(r) prime?
False
Let q(u) = -3*u**3 + 3*u**2 + 3*u - 6. Let x be q(3). Let j = x + 133. Is j a prime number?
False
Let v(r) = r**2 - 6*r. Let a be v(5). Let l(u) = 11*u**2 + 3*u - 6. Let h be l(a). Is h/(-4)*(4 - 6) a prime number?
True
Suppose 215 = n - 0*w - 4*w, 4*w + 637 = 3*n. Is n prime?
True
Suppose 3*p + 16 + 117 = 2*u, 0 = 3*p - 3. Let h = 18 + -21. Is u/3 + h/(-9) a composite number?
False
Let v = 147 - 89. Suppose 2*n - 5*m = 54, 4*n - 4*m - v = 2*n. Is n composite?
False
Let j(t) = -t**2 - 3. Let m be j(0). Is (1/m)/(2/(-654)) prime?
True
Let o be (-63)/(-35) + 1/5. Suppose 0*u - o*u + 12 = 0. Suppose 35 = u*k - k. Is k prime?
True
Let j(u) = -143*u**3 + u**2 + u. Let o = 1 + -2. Is j(o) a composite number?
True
Suppose -7*f + 3*f = -3604. Is f a composite number?
True
Let h be (-401)/(-6) - (-2)/12. Is 4/4*3*h a prime number?
False
Let j = -32 + 34. Let m(z) = z**3 + z**2 - 4*z + 2. Let v be m(3). Suppose -j*a + 98 = -v. Is a composite?
True
Let v(d) = -d + 1. Let u(f) = -f**2 - 6*f + 9. Let a(l) = -u(l) + 6*v(l). Is a(-7) a composite number?
True
Let f(u) = u**3 + 3*u**2 - 3*u + 5. Let t be f(-4). Let x be (14/5)/(t/10). Suppose -s - s = -x. Is s a composite number?
True
Let p be -2 + 3